ppose 1374 - 78 = 54*z. What is the greatest common divisor of z and 468?
12
Suppose 16*t - 115 = -7*t. Let v be (5/4)/(2/1960*t). What is the highest common divisor of 98 and v?
49
Let x be 18/((-414)/(-2921)) + 3. Calculate the highest common factor of 1235 and x.
65
Let y = -88497 - -88704. Let r be (-1)/(-5) - 402/(-15). Calculate the highest common factor of r and y.
9
Let y(f) = f + 14. Let c be y(-12). Let p be (13 - 17)/((-1)/c). What is the highest common factor of 88 and p?
8
Suppose 4*g = -52 + 8. Let o be 2330/110 - (-2)/g. What is the greatest common divisor of 7 and o?
7
Let s be 1 + 25/5 - -44. Let j = 71 - 106. Let n = -10 - j. Calculate the highest common divisor of n and s.
25
Let v be -3*(3 + -12 - -6). Suppose -v*b = -10*b + 26. Calculate the greatest common factor of 104 and b.
26
Let u be (-4 + 5)*-1 + 11/(11/12). What is the highest common factor of 14311 and u?
11
Let o = -34237 - -34381. What is the greatest common factor of 8388 and o?
36
Let o = 16 + 20. Let y be (-3 - 4*-13) + 4. Let t = 57 - y. Calculate the greatest common divisor of o and t.
4
Suppose 48*h - 2434 - 14 = 32*h. What is the highest common factor of h and 238?
17
Suppose -x = 4*j - 573, -58*x = -61*x - 4*j + 1743. Calculate the highest common factor of x and 855.
45
Let a(o) = 57*o**3 - o**2 - 14*o + 14. Let u be a(1). What is the greatest common divisor of u and 175?
7
Suppose -6080 = -35*h - 41*h - 1824. Calculate the highest common divisor of 448 and h.
56
Let y be (0 + (-20)/(-15))/((-2)/(-3)). Suppose a - 3*d = 3*a - 388, -y*a - d = -396. Suppose -5*t - 70 = -a. Calculate the greatest common factor of 39 and t.
13
Let d = -200 - -1289. Suppose 11*l = 20*l - d. Calculate the highest common divisor of l and 11.
11
Let r = 180 - 160. Suppose 12*m - 52 = r. Calculate the highest common divisor of 24 and m.
6
Let h(r) = 685*r - 1139. Let w be h(5). Calculate the highest common divisor of 18 and w.
18
Suppose 0 = -84*q + 23*q + 499956. What is the highest common divisor of 12 and q?
12
Let x be (43/(-3) - -5)/(32/(-48)). What is the highest common factor of 574 and x?
14
Let i = 9904 - 9853. What is the greatest common divisor of i and 69?
3
Let v be (-2 - 0 - -47)*1. Let p(y) = 5*y - 93. Let b be p(21). Suppose -r + b = -5*s, 3 = 2*s - s. Calculate the greatest common divisor of v and r.
9
Suppose -v + 270 = -141*c + 144*c, -4*c + 3*v = -360. What is the greatest common divisor of 2250 and c?
90
Let b(q) = -2*q - 6. Suppose -2*s + 32 = -2*f, 1 = 3*s - 5. Let y be b(f). Let i be (y + 2/(-1))*16/20. What is the highest common factor of i and 112?
16
Let q = 449 + -433. What is the highest common divisor of q and 248?
8
Let a = -45 - -87. Suppose 0 = 31*u + 9*u + 46 - 1166. What is the highest common divisor of a and u?
14
Let y = -18 - -21. Let m(s) = -106*s - 735. Let j be m(-9). Calculate the highest common divisor of j and y.
3
Let x be 204 + -16*95/(-76). Suppose 4*p = -28 + 84. What is the highest common divisor of p and x?
14
Suppose 2142 = 135*k - 16*k. Calculate the greatest common factor of 306 and k.
18
Let n = -1284 - -1289. What is the highest common factor of 1315 and n?
5
Suppose 0 = -4757*j + 4717*j + 56160. What is the highest common factor of j and 104?
52
Let f(t) = -15018*t + 76366. Let k be f(5). Let d = -4 - -26. Calculate the greatest common divisor of d and k.
22
Let t be -4*28/(-32)*(-10)/(-1). Let c be ((-30)/(-8))/(339/6328). What is the greatest common factor of c and t?
35
Let k = -477 + 480. Suppose -149*g + 146*g = 4*y - 161, 15 = -k*g. What is the highest common divisor of 143 and y?
11
Let b(m) = 4*m - 43. Let r be b(14). Suppose 2*s = r*s - 363. Calculate the highest common factor of 66 and s.
33
Let c(a) = -511*a**3 - 14*a**2 + 9*a + 40. Let u be c(-3). Calculate the highest common divisor of u and 44.
44
Suppose 0 = -3*h - 3*l + l - 44, -l - 4 = 0. Let j be 200/60*h/(-2). Let s = -2 + j. What is the highest common factor of 90 and s?
18
Suppose -5*j + 6 = -q - 10*j, -5*j = 10. Suppose 5*s + 159 = q*f, 3*f - 5*s = 34 + 79. What is the highest common factor of f and 368?
46
Let f be -4 - 3 - (3 + 130). Let z be 21/2*(-160)/f. Let r be ((-1)/(-2) + 1)*32. What is the highest common factor of r and z?
12
Suppose -z - 72 = 2*z - 3*g, z + 3*g + 24 = 0. Let r be ((-93)/9*2)/(16/z). Suppose j + 3*j = 992. Calculate the greatest common factor of j and r.
31
Suppose 10*r + 15*r = 5*r + 180. What is the highest common divisor of 4203 and r?
9
Let t(k) = 10*k + 21*k - k**2 - 61 + 7 - 4*k. Let l be t(23). Calculate the greatest common factor of l and 266.
38
Let h be 5 - 19*(16 - 396). Calculate the highest common divisor of 255 and h.
85
Let l be (-36)/(-15)*(-2 + (-45)/(-10)). Let g be ((-315)/l)/(1/(-2)). Calculate the highest common factor of g and 15.
15
Suppose 2*y - 103 - 22 = 5*h, 0 = 2*y + 4*h - 152. What is the greatest common divisor of y and 798?
14
Let l be 1471/1 - (-132 - -143). What is the greatest common divisor of l and 60?
20
Let z be (((-81432)/120)/(-29))/((-6)/(-50)). What is the greatest common factor of 715 and z?
65
Let d = -3 + -126. Let p = -110 - d. Suppose c + p - 37 = 0. Calculate the highest common divisor of 45 and c.
9
Let c be 38/(-19) - (12 - 0)/(-2). Let p be 41*3/(12/8). Suppose -126 = -c*k + p. Calculate the highest common divisor of 4 and k.
4
Suppose -4*q = -4*r - 844, -43*r + 3*q = -38*r + 1065. Let c = r + 366. Calculate the greatest common divisor of c and 12.
6
Suppose 0 = -5*a - 4*z - 64 - 120, 104 = -3*a + 4*z. Let t = -98 + -1. Let o = a - t. What is the greatest common divisor of 9 and o?
9
Suppose -20*n + 16*n = -4*t + 12, 4*n - 16 = -3*t. Let l be (18/(-3))/3*-2. Calculate the greatest common factor of t and l.
4
Suppose 17*o - 4*o = -o. Suppose o = -11*d + 5*d + 486. Suppose u - 33 = -2*a, 5*a + 4*u - d = -0*a. Calculate the greatest common factor of 187 and a.
17
Suppose -1958 = -3*d + 4*v, 5*d - 58*v - 3267 = -55*v. Calculate the greatest common factor of d and 12.
6
Let g(y) = -y**3 - 3*y**2 + 2*y + 10. Let x be g(-4). Suppose -4*r - 18 = -2*u + x, -4*u = r - 63. Calculate the highest common factor of u and 152.
8
Let v be 110/15 + 1 + (-9)/27. Calculate the highest common divisor of 968 and v.
8
Let d(b) = -3*b**2 + 16*b - 1. Let x be d(5). Suppose -g + x*o - o = -35, -2*g + 3*o + 58 = 0. What is the greatest common divisor of 69 and g?
23
Let y(p) = p**2 - 19*p + 15. Let c be y(18). Let a(h) = 30*h + 115. Let z be a(c). Calculate the greatest common divisor of z and 925.
25
Suppose -4*n + 2880 = 2*w, 3*w - 3600 = -5*n - 0*w. What is the greatest common divisor of n and 135?
45
Let l(m) = -315*m**3 - 3*m**2 - 23*m - 51. Let f be l(-4). What is the greatest common factor of 14 and f?
7
Suppose 195 = -q + 824. Let y = -896864 - -896881. What is the highest common divisor of y and q?
17
Let u(w) = w**3 + 32*w**2 - 10*w - 263. Let d be u(-32). Calculate the highest common divisor of d and 19.
19
Let w be 246 - -10*(-18)/15. What is the greatest common divisor of w and 1222?
26
Suppose -u = -4*h + 8, -5*u - 11 + 7 = -2*h. Let w be (21/49 - (-53)/7)*h. What is the greatest common factor of w and 184?
8
Suppose 6*o + 1018 = -290. Let l = o - -790. What is the greatest common divisor of 52 and l?
52
Let m(k) = 7*k + 6. Let v be m(0). Suppose v*a - 68 - 58 = 0. Calculate the highest common factor of a and 21.
21
Let t = -9025 + 9179. Let b(f) = -f**3 - 2*f**2 - 2*f - 1. Let z be b(-3). What is the greatest common divisor of z and t?
14
Let b = 5723 - 5693. Let u be 0/(6/(6/2)). Suppose u = 2*m + 64 - 214. What is the greatest common divisor of b and m?
15
Suppose -5*u - 124 = -2*a, -2*u + 7*u - 3*a + 126 = 0. Let l = -18 - u. Calculate the highest common divisor of l and 33.
3
Suppose -2*d + 760 = 3*b, -59*b + 56*b = 4*d - 1520. Calculate the greatest common divisor of d and 150.
10
Suppose -3*l - 3 = -12*v, 0 = -12*v + 13*v - 4. Calculate the greatest common divisor of l and 2076.
3
Let a = 30581 + -30529. Calculate the highest common divisor of a and 117.
13
Let y(n) = -n**3 + 16*n**2 + 33*n - 713. Let u be y(15). What is the greatest common divisor of 6433 and u?
7
Let s(g) = -g**3 + 34*g**2 + 4*g - 34. Let w be s(34). Let q = 227 + w. Calculate the highest common divisor of 14